e remainder when 6378 is divided by 21.
15
What is the remainder when 521 is divided by 459?
62
What is the remainder when 9680 is divided by 463?
420
What is the remainder when 78685 is divided by 13105?
55
What is the remainder when 20887 is divided by 19?
6
What is the remainder when 139422 is divided by 119?
73
Calculate the remainder when 126095 is divided by 222.
221
Calculate the remainder when 212841 is divided by 5191.
10
What is the remainder when 626943 is divided by 62?
61
What is the remainder when 245 is divided by 28?
21
Calculate the remainder when 14142 is divided by 7070.
2
What is the remainder when 822 is divided by 79?
32
Calculate the remainder when 19671 is divided by 19570.
101
What is the remainder when 119235 is divided by 368?
3
What is the remainder when 10635 is divided by 973?
905
What is the remainder when 703331 is divided by 20095?
6
Calculate the remainder when 16033 is divided by 264.
193
What is the remainder when 42582 is divided by 14192?
6
Calculate the remainder when 297951 is divided by 67.
2
What is the remainder when 4087 is divided by 316?
295
Calculate the remainder when 3869 is divided by 244.
209
What is the remainder when 1881 is divided by 1004?
877
Calculate the remainder when 183556 is divided by 2384.
2372
What is the remainder when 158937 is divided by 4541?
2
What is the remainder when 19406 is divided by 12?
2
What is the remainder when 21276 is divided by 26?
8
What is the remainder when 2873 is divided by 84?
17
Calculate the remainder when 169147 is divided by 56364.
55
Calculate the remainder when 123948 is divided by 873.
855
What is the remainder when 177984 is divided by 18?
0
Calculate the remainder when 77023 is divided by 75.
73
What is the remainder when 9170 is divided by 74?
68
Calculate the remainder when 1735 is divided by 47.
43
What is the remainder when 412909 is divided by 30?
19
What is the remainder when 88996 is divided by 326?
324
Calculate the remainder when 2418 is divided by 99.
42
Calculate the remainder when 3680 is divided by 42.
26
What is the remainder when 109979 is divided by 90?
89
What is the remainder when 40075 is divided by 29?
26
Calculate the remainder when 1782 is divided by 47.
43
What is the remainder when 158813 is divided by 26465?
23
Calculate the remainder when 440299 is divided by 370.
369
Calculate the remainder when 14295 is divided by 1102.
1071
Calculate the remainder when 19813 is divided by 3280.
133
What is the remainder when 17029 is divided by 405?
19
Calculate the remainder when 716 is divided by 103.
98
Calculate the remainder when 3680 is divided by 154.
138
What is the remainder when 93784 is divided by 98?
96
Calculate the remainder when 1687 is divided by 71.
54
What is the remainder when 31790 is divided by 16?
14
Calculate the remainder when 1211260 is divided by 64.
60
Calculate the remainder when 8399717 is divided by 458.
455
Calculate the remainder when 2711 is divided by 222.
47
What is the remainder when 59178 is divided by 1479?
18
Calculate the remainder when 4193718 is divided by 236.
234
Calculate the remainder when 2899 is divided by 715.
39
What is the remainder when 5243 is divided by 23?
22
What is the remainder when 1094 is divided by 42?
2
Calculate the remainder when 263872 is divided by 321.
10
Calculate the remainder when 186871 is divided by 71.
70
What is the remainder when 262527 is divided by 32?
31
Calculate the remainder when 65181 is divided by 112.
109
What is the remainder when 64445 is divided by 32222?
1
Calculate the remainder when 720579 is divided by 140.
139
What is the remainder when 31081 is divided by 15?
1
What is the remainder when 402873 is divided by 342?
339
Calculate the remainder when 9963 is divided by 9713.
250
What is the remainder when 61905 is divided by 201?
198
Calculate the remainder when 192065 is divided by 29.
27
Calculate the remainder when 29522 is divided by 31.
10
What is the remainder when 64648 is divided by 1197?
10
What is the remainder when 22681 is divided by 1079?
22
What is the remainder when 1162 is divided by 1139?
23
Calculate the remainder when 89438 is divided by 44609.
220
Calculate the remainder when 4249743 is divided by 151.
150
What is the remainder when 1075094 is divided by 4?
2
Calculate the remainder when 69837 is divided by 629.
18
Calculate the remainder when 242728 is divided by 90.
88
What is the remainder when 4548 is divided by 80?
68
What is the remainder when 29630 is divided by 1817?
558
Calculate the remainder when 1282312 is divided by 548.
540
Calculate the remainder when 1772 is divided by 25.
22
Calculate the remainder when 3486 is divided by 438.
420
What is the remainder when 964957 is divided by 53?
39
Calculate the remainder when 11130 is divided by 467.
389
What is the remainder when 145853 is divided by 14582?
33
What is the remainder when 89 is divided by 30?
29
Calculate the remainder when 113245 is divided by 129.
112
Calculate the remainder when 172962 is divided by 201.
102
Calculate the remainder when 25734 is divided by 42.
30
What is the remainder when 111686 is divided by 67?
64
Calculate the remainder when 50334 is divided by 12583.
2
Calculate the remainder when 24809 is divided by 12368.
73
Calculate the remainder when 644392 is divided by 783.
766
Calculate the remainder when 5500 is divided by 17.
9
What is the remainder when 5528 is divided by 727?
439
Calculate the remainder when 327986 is divided by 8.
2
What is the remainder when 11512 is divided by 5746?
20
What is the remainder when 10070 is divided by 58?
36
What is the remainder when 8599 is divided by 1575?
724
Calculate the remainder when 2777 is divided by 24.
17
What is the remainder when 6707 is divided by 233?
183
What is the remainder when 16212 is divided by 270?
12
What is the remainder when 66 is divided by 39?
27
What is the remainder when 6186 is divided by 1957?
315
What is the remainder when 73871 is divided by 197?
193
What is the remainder when 4840853 is divided by 46?
43
What is the remainder when 19016 is divided by 4752?
8
Calculate the remainder when 1249 is divided by 441.
367
What is the remainder when 1291 is divided by 51?
16
What is the remainder when 320 is divided by 25?
20
What is the remainder when 18499 is divided by 6075?
274
Calculate the remainder when 129797 is divided by 1311.
8
What is the remainder when 52118 is divided by 26047?
24
What is the remainder when 792 is divided by 113?
1
What is the remainder when 42745 is divided by 14239?
28
What is the remainder when 594047 is divided by 1088?
1087
What is the remainder when 23283 is divided by 23253?
30
Calculate the remainder when 65139 is divided by 21713.
0
What is the remainder when 47366 is divided by 26?
20
Calculate the remainder when 248778 is divided by 24.
18
What is the remainder when 358879 is divided by 16312?
15
Calculate the remainder when 10215 is divided by 188.
63
What is the remainder when 38463 is divided by 19231?
1
Calculate the remainder when 6343 is divided by 1583.
11
What is the remainder when 125863 is divided by 1210?
23
What is the remainder when 83876 is divided by 831?
776
What is the remainder when 1511 is divided by 143?
81
What is the remainder when 174443 is divided by 190?
23
Calculate the remainder when 32209 is divided by 308.
177
What is the remainder when 13655 is divided by 4?
3
Calculate the remainder when 81928 is divided by 2825.
3
Calculate the remainder when 151225 is divided by 151184.
41
What is the remainder when 80987 is divided by 9?
5
Calculate the remainder when 55859 is divided by 42.
41
What is the remainder when 6333 is divided by 637?
600
Calculate the remainder when 4218 is divided by 22.
16
Calculate the remainder when 51295 is divided by 7324.
27
What is the remainder when 47325 is divided by 176?
157
Calculate the remainder when 414 is divided by 60.
54
Calculate the remainder when 10548 is divided by 2608.
116
What is the remainder when 14106 is divided by 251?
50
What is the remainder when 24693 is divided by 705?
18
What is the remainder when 79036 is divided by 190?
186
Calculate the remainder when 4033 is divided by 203.
176
What is the remainder when 852195 is divided by 157?
156
What is the remai